late -12 + -7 + 19 - 4.
-4
What is 5 + -2 + -3 + -1 + -2?
-3
Evaluate -4 + 11 + 0 + -4.
3
Evaluate 15 + -11 + (3 - (-2 + 3)).
6
What is the value of 3 + (-3 - -8 - 8)?
0
Calculate (0 - 4 - -7) + 0.
3
9 - (8 - 9) - 6
4
Evaluate 3 + 1 + (2 - (6 - 6)).
6
7 - (3 + (-2 + 4 - 1))
3
Evaluate -11 + 3 - -8 - (1 + -3).
2
Calculate 0 - (0 + (0 - 0)).
0
What is the value of -4 - 1 - (-12 - -12)?
-5
What is -2 - (11 - 5 - 4 - 8)?
4
Calculate -10 + 5 + 7 - 6.
-4
Evaluate -3 + -1 - -8 - (6 - 4).
2
What is (-1 - 3) + 7 + -7?
-4
Evaluate (-7 - (-5 + (0 - -1))) + -1.
-4
What is -7 - (3 + -6 + 9 + -6)?
-7
What is the value of -5 + 3 - (-9 - -4)?
3
What is 5 + 0 - (4 - (8 - 3))?
6
Evaluate (1 - (5 + (-10 - -4))) + 5.
7
Calculate -3 + (-2 - -2) + 4.
1
Evaluate (-9 - -23) + -6 + (-1 - -1).
8
Calculate -3 - (5 - (-3 + 2)) - -6.
-3
Evaluate -8 - -4 - (7 - 12).
1
-2 - (-3 - -5 - -1) - -1
-4
9 + (4 - (2 - -3) - 2)
6
20 + (13 - (28 - 4))
9
Evaluate -10 + 3 + 1 + -2.
-8
What is -4 - (-13 - (-12 - -13))?
10
Evaluate (-1 - -4) + (0 - (-2 + 2)).
3
What is the value of -5 + 4 + -1 - -3?
1
What is 0 + 2 + -1 - (11 - 5)?
-5
(0 - -4) + (2 - 2)
4
Calculate -4 + 4 + -1 + 2 + 4.
5
Evaluate -74 + 69 - (0 + 1 - 1).
-5
What is the value of 6 - (-1 + -1 + 6)?
2
Evaluate -2 + (8 - (4 - -2)) + 0.
0
What is the value of (10 - 9) + (1 - -2)?
4
-4 + (0 - 6) + 8
-2
What is the value of 7 - ((11 - 5) + (0 - 2))?
3
What is -11 + 14 + (0 - 1)?
2
Evaluate -10 + (11 - 1) + -4.
-4
(-6 - -2) + (5 - -2)
3
What is the value of -10 - (-5 + 2 + -3)?
-4
What is the value of 1 - ((-1 - -5) + -4 - -1)?
0
What is 6 - ((0 - 1) + 6)?
1
What is the value of 15 + (-3 - (-5 - -5)) + -3?
9
Evaluate 73 - 82 - (-8 + 1).
-2
Calculate (-4 - -1) + -1 + 0.
-4
Calculate -1 - -4 - (1 + 3) - -4.
3
Evaluate -9 + 7 - (2 + -1).
-3
What is the value of (-2 - -2) + 1 + 22 + -19?
4
Evaluate -2 + 4 + (0 - 1 - 3).
-2
Evaluate 5 - 5 - (-7 - -2).
5
What is the value of 6 + -10 + -5 - -5?
-4
Evaluate (-17 - -23) + -1 + 2.
7
Evaluate -2 + (11 - 0 - 4).
5
-6 + (5 + 0 - (-1 - -1))
-1
Calculate 3 - (-1 - (-6 - -6)).
4
-9 + -3 + 16 - -1
5
Calculate (6 - 7) + 1 - -3.
3
2 - (0 - 6) - 6
2
Calculate (0 - (-6 + 11)) + -12 - -7.
-10
What is 4 + (2 + -4 - 2)?
0
What is the value of -5 + 1 + -6 + 3 + 10?
3
Calculate -4 - ((3 - 2) + -3 - -2).
-4
What is 2 + 1 - (-5 + 11)?
-3
What is the value of -8 - (-5 - 7 - -6)?
-2
43 + -46 + (-3 - (3 + -5))
-4
What is the value of (-1 - (-9 - -3)) + -1?
4
Calculate 1 + (-6 + -5 - -8).
-2
Calculate -6 + 19 - 3 - 3.
7
(4 - (2 - 2)) + 0
4
What is -2 + 4 - (14 + -16 + 9)?
-5
Evaluate 2 + (-2 - (1 + 1) - 4).
-6
What is the value of -12 + (20 - 14) + 13?
7
-2 + (4 - 5 - 1) + 10
6
2 - (-1 - 7 - -10)
0
What is the value of (2 + -4 - -2) + (-9 - -7)?
-2
Calculate 10 - ((3 - -3) + -3) - 4.
3
What is the value of -6 + 13 + (0 - 2) + -6?
-1
What is -5 + 9 + -3 + (-1 - 0)?
0
Calculate 9 + -2 + 3 + -7.
3
(-1 - 2) + (2 + 5 - 5)
-1
13 + -6 - (-2 - -4)
5
What is (10 - (3 + 13)) + 1 + 0?
-5
What is (-2 - (-7 - -4)) + (5 - 2)?
4
What is 2 - (1 - (-4 - -3))?
0
Evaluate 0 - -6 - (4 + -2 + -1).
5
What is -1 + -14 - (69 + -79)?
-5
Evaluate (-2 - 0) + (-13 - 4) + 10.
-9
Calculate 3 + (-3 - -6) + 2 + -4.
4
What is -1 + 1 - (-83 - -80)?
3
Evaluate 1 - 1 - (-277 - -276).
1
What is the value of 9 + -4 - (-4 - -7)?
2
Evaluate 3 - 3 - 3 - -1.
-2
Calculate 2 + (4 - -4) + (-3 - 3).
4
-7 + (-8 + 7 - -2)
-6
What is (-4 - -1 - -1) + -3 + 8?
3
Evaluate 2 + (1 - -1) + 0.
4
Evaluate 0 + (-3 - (-1 + 1)).
-3
What is the value of -1 + (-2 - -11) - 2?
6
-20 + 19 + 1 + -2 + 3
1
(-3 - 0 - -5) + 1
3
What is the value of 0 + 0 + -15 + 3 + 12?
0
What is (-9 - (2 + -19)) + -16?
-8
What is -1 + (-3 + -3 - -2)?
-5
What is the value of (0 - 5 - -5) + -5 + -4?
-9
What is the value of 2 - (-5 + (10 - 5))?
2
Evaluate 4 - (5 + (4 - 5)).
0
2 - 7 - ((4 - 8) + -9)
8
Calculate -1 - ((0 - -3) + -8 + 4).
0
1 + (1 - 0) - (8 + -1)
-5
What is the value of -7 - (-6 + -9 + 5)?
3
-5 + (1 - 15) - -9
-10
What is (2 - 1) + (1 - -3)?
5
(-3 + 4 - 4) + -1
-4
What is -7 - (-1 + -3) - -8?
5
What is the value of 1 + -2 + (-3 - (2 + -5))?
-1
-6 + 4 - (-8 + 2)
4
What is 9 + -8 - 15 - -5?
-9
Calculate 4 + (1 + (-10 - -4) - -7).
6
What is the value of -7 - ((8 - 13) + 2)?
-4
What is the value of -1 - -4 - (-26 - -32)?
-3
What is (9 - (-6 - -9)) + -11?
-5
Evaluate 1 - (-1 + (0 - (-3 - -5))).
4
Evaluate (0 - -12) + -9 + -10.
-7
Calculate 0 - (5 + -2 - 0).
-3
Calculate -4 - -12 - (5 + -3).
6
Calculate 0 + -3 + (7 - 5) + -1.
-2
Evaluate -2 - (6 - (3 + 1)).
-4
What is the value of (1 - 3 - -2) + (0 - -5)?
5
What is the value of -1 + 0 - (-5 + 2) - -1?
3
What is -7 - (-4 - (3 - 3)) - -2?
-1
What is the value of 1 + 5 - ((25 - 12) + -4)?
-3
-3 + (11 - (10 - 9))
7
What is the value of -7 + 2 + (4 - -9)?
8
What is the value of 7 + -1 + (-8 - -1)?
-1
Evaluate 5 + -4 + -4 - -11 - 2.
6
What is 0 + (-29 - -31) + (6 - 0)?
8
What is (2 - 13) + -2 + -3 + 10?
-6
8 + (-13 - -7) - (-2 - 0)
4
What is the value of 5 + (-1 - (3 + 0 + -3))?
4
Calculate ((-4 - -6) + -4 - -5) + -8.
-5
Evaluate 2 + (1 - 1) + -6.
-4
Evaluate -10 + (-7 - -9) + 1.
-7
(-1 - (9 - 3)) + -10 - -7
-10
What is -8 + 5 - (-2 + 3)?
-4
Calculate (-1 - (8 + -2)) + 11.
4
What is the value of 0 + -2 + 5 + (-12 - -5)?
-4
What is 8 + (2 - (23 + -8))?
-5
What is the value of (0 - -4) + (-5 - (-10 + 16))?
-7
What is 25 + -26 + (-8 - -1 - -1)?
-7
Calculate -1 + (-1 - -1) + 3 + -5.
-3
Calculate 2 + 1 + 0 - -1.
4
What is -1 - -4 - (3 - (1 - 5))?
-4
-2 + 2 + 1 + (5 - 1)
5
Calculate -1 + (-4 - (5 - 10)) + 2.
2
Calculate (-1 - 3 - (51 - 54)) + 4.
3
What is -4 + 1 + (8 - 5) + 4?
4
2 + 3 - (3 - (3 + -2))
3
-3 + 6 - (5 - 0) - 2
-4
Evaluate -2 + (0 - 3 - -9).
4
What is the value of 10 - ((-8 - -34) + -12)?
-4
Calculate -5 + (3 - -8 - 1).
5
What is 2 - (6 - (7 + -4) - 1)?
0
-4 + 12 + -9 - -1
0
4 + (-2 - 4) + 4
2
Evaluate -5 - (-6 - -3) - -1.
-1
1 + (-5 - -1 - -8) + -5
0
(7 - 7) + 3 - (2 - 4)
5
Calculate (7 - (13 + -8)) + -5.
-3
Evaluate (3 - 16 - -10) + 6.
3
What is the value of 7 - (3 + 1 + 4)?
-1
Calculate (67 - 78) + (5 - (1 - 1)).
-6
What is 2 + (1 - 4 - -6)?
5
0 - (16 + -7 + (2 - 3))
-8
What is the value of (-9 + 3 - 0) + 12?
6
What is the value of -2 + 6 + 0 + 1 + 1?
6
What is the value of -6 + -2 + -4 + 8?
-4
Evaluate 7 + (-16 - -4 - -5).
0
0 - (1 + 2 + -5 + -2)
4
Evaluate (-4 - -1 - -4) + -5.
-4
What is -4 + (-4 - (-3 + 3))?
-8
-3 - (-2 - 6) - (2 + -1)
4
Calculate -16 - (-2 - (0 - -4)).
-10
What is -3 + 10 + -8 + 5?
4
5 + (2 - 15) + 4
-4
What is the value of 3 - (-2 + -3 - -3)?
5
What is (-53 - -61) + 0 + -2?
6
Evaluate 24 + -25 - (1 + 4).
-6
Calculate 2 + -4 + -5 + (-2 - -4).
-5
Evaluate 1 + -4 - (-4 - -1).
0
Evaluate 5 + (-1 - 1) - 4.
-1
-7 + (-6 - -9) + 0 + 2
-2
What is the value of -3 + -5 + 8 + 9?
9
4 - 12 - (14 - 24)
2
(-25 - -24) + (1 - 6) - -4
-2
-1 - 6 - (-48 + 41)
0
What is 4 + (-11 - (9 - 10))?
-6
What is 3 - -1 - 13 - (-2 - 1)?
-6
What is -6 + (6 + -12 - -12) - -3?
3
Evaluate -3 - (-1 - 1 - -1).
-2
Evaluate -173 + 159 + 1 + 3.
-10
(-2 - -8) + 0 + -3
3
What is the value of -7 - 7 - -5 - -14?
5
Evaluate 1 + (-6 - 2 - -6).
-1
Evaluate (46 - 35) + (-10 - -1).
2
What is the value of (6 - 3 - 8) + (-3 - -1)?
-7
Calculate 3 + 5 + -3 + 0 + -2.
3
What is the value of -2 - (5 + 3 + -5 + -4)?
-1
What is the value of -3 + 3 + 6 + -1?
5
Evaluate (12 - 14) + (0 - 1).
-3
Calculate -2 + (-4 + 0 - (-12 - -11)).
-5
Evaluate -5 + (5 - 2) - -3.
1
(6 - 12 - -12) + -10 - -9
5
What is -36 + 28 - (-1 + -5)?
-2
0 + -1 + -3 + (9 - 1)
4
What is -4 - (0 - -2) - -6?
0
What is (11 - 0) + (-12 - -5)?
4
Evaluate 4 - 3 - -1 - (-2 - -8).
-4
7 - (-1 - -5) - 5
-2
Evaluate -3 - (0 + -10) - 1.
6
What is the value of -2 + -5 + 0 + (49 - 47)?
-5
What is 5 - 1 - (0 + 4) - 1?
-1
Calculate -6 + (-5 - (-19 - 0)) + -19.
-11
What is 4 - (0 - (-4 + -2))?
-2
Evaluate 6 + -9 + (1 - (0 + -7)).
5
Evaluate 4 + -16 + 8 + 6.
2
What is 0 - (-8 + 10 - 2)?
0
Calculate -5 - (-5 + 5 - 1).
-4
Calculate (3 - -1) + -1 + -1.
2
-2 + -2 - (-6 - -7 - 6)
1
Calculate 1 + 3 + 0 + (2 - 5).
1
Evaluate 4 + -10 + 3 + -1 - -12.
8
What is the value of 15 + 3 - (42 - 33)?
9
Evaluate -7 - 2 - -6 - 5.
-8
(2 - -1) + (-6 - -16) + -9
4
Evaluate -2 + 6 - (2 + -1) - 1.
2
Calculate -3 + 0 - (-2 - 7) - 3.
3
Evaluate 